{"id":1854,"date":"2020-04-21T19:43:18","date_gmt":"2020-04-21T17:43:18","guid":{"rendered":"https:\/\/www.mysunsetprojects.com\/?page_id=1854"},"modified":"2020-04-21T19:43:18","modified_gmt":"2020-04-21T17:43:18","slug":"servicios","status":"publish","type":"page","link":"https:\/\/www.mysunsetprojects.com\/index.php\/es\/servicios\/","title":{"rendered":"Servicios"},"content":{"rendered":"<p>[vc_row css=&#8221;.vc_custom_1453975735934{padding-top: 90px !important;padding-bottom: 30px !important;}&#8221;][vc_column]<!-- Element: OT Services Grid -->\n<div class=\"services-masonry service-grid row\">\n\t<div class=\"col-md-3 item-service-grid-sizer\"><\/div>\n\t\n\t<div class=\"col-md-3 item\">\n\t\t\n\t\t\t\t\t\n\t\t\t<h3><a href=\"https:\/\/www.mysunsetprojects.com\/index.php\/es\/service\/energia-solar\/\">Energia solar<\/a><\/h3>\n\t\t\t<div class=\"service-excerpt\"><p>[vc_row fullwidth=&#8221;yes&#8221; css=&#8221;.vc_custom_1439546115200{padding-top: 0px !important;padding-bottom: 0px !important;}&#8221;][vc_column width=&#8221;1\/2&#8243;][vc_column_text]- Especialistas en energ\u00eda solar- ofrecemos asesoramiento y podemos trabajar con usted para conseguir la mejor energ\u00eda renovable verde y sostenible, ahorr\u00e1ndole dinero en todas sus futuras facturas. &#8211; Especialistas en calefacci\u00f3n, que ofrecen varios m\u00e9todos de calefacci\u00f3n mientras trabajan para conseguir una energ\u00eda sostenible m\u00e1s ecol\u00f3gica de [&hellip;]<\/p>\n<\/div>\n\t\t\t\t\t\t\t<div class=\"spacer-single-10\"><\/div>\n\t\t        <a href=\"https:\/\/www.mysunsetprojects.com\/index.php\/es\/service\/energia-solar\/\"><img width=\"400\" height=\"245\" src=\"https:\/\/www.mysunsetprojects.com\/wp-content\/uploads\/2015\/08\/solar-system-2939551-1.jpg\" class=\"img-responsive wp-post-image\" alt=\"\" loading=\"lazy\" srcset=\"https:\/\/www.mysunsetprojects.com\/wp-content\/uploads\/2015\/08\/solar-system-2939551-1.jpg 400w, https:\/\/www.mysunsetprojects.com\/wp-content\/uploads\/2015\/08\/solar-system-2939551-1-300x184.jpg 300w\" sizes=\"(max-width: 400px) 100vw, 400px\" title=\"solar-system-2939551\" \/><\/a>\n\t\t\t\t\t\t\t\t\t\t<div class=\"spacer-single\"><\/div>\t\t\t\n\t\t\t\t<a href=\"https:\/\/www.mysunsetprojects.com\/index.php\/es\/service\/energia-solar\/\" class=\"btn-line btn-fullwidth\">Read More<\/a>\t\t\n\t\t\t\n\t\t\n\t<\/div>\n\n\t\n\t<div class=\"col-md-3 item\">\n\t\t\n\t\t\t\t\t\n\t\t\t<h3><a href=\"https:\/\/www.mysunsetprojects.com\/index.php\/es\/service\/diseno-y-construccion-de-piscinas\/\">Dise\u00f1o y construcci\u00f3n de piscinas<\/a><\/h3>\n\t\t\t<div class=\"service-excerpt\"><p>En MySunset construimos piscinas de todo tipo. Desde dise\u00f1os b\u00e1sicos con formas simples hasta formas irregulares y m\u00e1s complejas que har\u00e1n de su piscina una pieza \u00fanica y exclusiva. Tambi\u00e9n podemos construir su piscina climatizada que puede disfrutar tanto en verano como en invierno. Somos especialistas en el dise\u00f1o de \u00e1reas de descanso perfectas para [&hellip;]<\/p>\n<\/div>\n\t\t\t\t\t\t\t<div class=\"spacer-single-10\"><\/div>\n\t\t        <a href=\"https:\/\/www.mysunsetprojects.com\/index.php\/es\/service\/diseno-y-construccion-de-piscinas\/\"><img width=\"700\" height=\"393\" src=\"https:\/\/www.mysunsetprojects.com\/wp-content\/uploads\/2015\/08\/architecture-1477099-1.jpg\" class=\"img-responsive wp-post-image\" alt=\"\" loading=\"lazy\" srcset=\"https:\/\/www.mysunsetprojects.com\/wp-content\/uploads\/2015\/08\/architecture-1477099-1.jpg 700w, https:\/\/www.mysunsetprojects.com\/wp-content\/uploads\/2015\/08\/architecture-1477099-1-300x168.jpg 300w\" sizes=\"(max-width: 700px) 100vw, 700px\" title=\"architecture-1477099\" \/><\/a>\n\t\t\t\t\t\t\t\t\t\t<div class=\"spacer-single\"><\/div>\t\t\t\n\t\t\t\t<a href=\"https:\/\/www.mysunsetprojects.com\/index.php\/es\/service\/diseno-y-construccion-de-piscinas\/\" class=\"btn-line btn-fullwidth\">Read More<\/a>\t\t\n\t\t\t\n\t\t\n\t<\/div>\n\n\t\n\t<div class=\"col-md-3 item\">\n\t\t\n\t\t\t\t\t\n\t\t\t<h3><a href=\"https:\/\/www.mysunsetprojects.com\/index.php\/es\/service\/diseno-y-rehabilitacion-de-locales-y-oficinas\/\">Dise\u00f1o y rehabilitaci\u00f3n de locales y oficinas<\/a><\/h3>\n\t\t\t<div class=\"service-excerpt\"><p>En My Sunset reformamos todo tipo de locales y oficinas, ya sea que requiera una peque\u00f1a actualizaci\u00f3n, o una reforma integral . Pasaremos del primer paso al \u00faltimo para que no se preocupe por nada. Realizamos reformas integrales de las oficinas, y reformas integrales de locales comerciales con todos los servicios incluidos. Somos especialistas en [&hellip;]<\/p>\n<\/div>\n\t\t\t\t\t\t\t<div class=\"spacer-single-10\"><\/div>\n\t\t        <a href=\"https:\/\/www.mysunsetprojects.com\/index.php\/es\/service\/diseno-y-rehabilitacion-de-locales-y-oficinas\/\"><img width=\"700\" height=\"337\" src=\"https:\/\/www.mysunsetprojects.com\/wp-content\/uploads\/2015\/08\/pic_3.jpg\" class=\"img-responsive wp-post-image\" alt=\"\" loading=\"lazy\" srcset=\"https:\/\/www.mysunsetprojects.com\/wp-content\/uploads\/2015\/08\/pic_3.jpg 700w, https:\/\/www.mysunsetprojects.com\/wp-content\/uploads\/2015\/08\/pic_3-300x144.jpg 300w\" sizes=\"(max-width: 700px) 100vw, 700px\" title=\"pic_3\" \/><\/a>\n\t\t\t\t\t\t\t\t\t\t<div class=\"spacer-single\"><\/div>\t\t\t\n\t\t\t\t<a href=\"https:\/\/www.mysunsetprojects.com\/index.php\/es\/service\/diseno-y-rehabilitacion-de-locales-y-oficinas\/\" class=\"btn-line btn-fullwidth\">Read More<\/a>\t\t\n\t\t\t\n\t\t\n\t<\/div>\n\n\t\n\t<div class=\"col-md-3 item\">\n\t\t\n\t\t\t\t\t\n\t\t\t<h3><a href=\"https:\/\/www.mysunsetprojects.com\/index.php\/es\/service\/construccion-y-reformas-de-interior\/\">Construcci\u00f3n y Reformas de Interior<\/a><\/h3>\n\t\t\t<div class=\"service-excerpt\"><p>My Sunset Designs Proyects, ofrece un sistema de gesti\u00f3n de proyectos a medida y un servicio llave en mano. Velando por transformar su hogar en su castillo. Trabajamos con usted para ayudarlo a convertir su visi\u00f3n en realidad, eliminando toda la preocupaci\u00f3n y el estr\u00e9s a trav\u00e9s de la gesti\u00f3n de proyectos por ustede desde [&hellip;]<\/p>\n<\/div>\n\t\t\t\t\t\t\t<div class=\"spacer-single-10\"><\/div>\n\t\t        <a href=\"https:\/\/www.mysunsetprojects.com\/index.php\/es\/service\/construccion-y-reformas-de-interior\/\"><img width=\"1960\" height=\"1385\" src=\"https:\/\/www.mysunsetprojects.com\/wp-content\/uploads\/2015\/08\/imagen-3.jpg\" class=\"img-responsive wp-post-image\" alt=\"\" loading=\"lazy\" srcset=\"https:\/\/www.mysunsetprojects.com\/wp-content\/uploads\/2015\/08\/imagen-3.jpg 1960w, https:\/\/www.mysunsetprojects.com\/wp-content\/uploads\/2015\/08\/imagen-3-300x212.jpg 300w, https:\/\/www.mysunsetprojects.com\/wp-content\/uploads\/2015\/08\/imagen-3-1024x724.jpg 1024w, https:\/\/www.mysunsetprojects.com\/wp-content\/uploads\/2015\/08\/imagen-3-768x543.jpg 768w, https:\/\/www.mysunsetprojects.com\/wp-content\/uploads\/2015\/08\/imagen-3-1536x1085.jpg 1536w\" sizes=\"(max-width: 1960px) 100vw, 1960px\" title=\"imagen 3\" \/><\/a>\n\t\t\t\t\t\t\t\t\t\t<div class=\"spacer-single\"><\/div>\t\t\t\n\t\t\t\t<a href=\"https:\/\/www.mysunsetprojects.com\/index.php\/es\/service\/construccion-y-reformas-de-interior\/\" class=\"btn-line btn-fullwidth\">Read More<\/a>\t\t\n\t\t\t\n\t\t\n\t<\/div>\n\n\t\n\t<div class=\"col-md-3 item\">\n\t\t\n\t\t\t\t\t\n\t\t\t<h3><a href=\"https:\/\/www.mysunsetprojects.com\/index.php\/service\/residential-design\/\">Constrution &#038; Interior Remodeling<\/a><\/h3>\n\t\t\t<div class=\"service-excerpt\"><p>At My Sunset Designs Projects, we can turn your dreams into a worry-free reality, as we take care of the entire construction process.<\/p>\n<p>Our way of managing projects is through a comprehensive planning and execution process, including all phases involved in the repair or refurbishment of your property, or indeed the construction of your new home or commercial premises.<\/p>\n<\/div>\n\t\t\t\t\t\t\t<div class=\"spacer-single-10\"><\/div>\n\t\t        <a href=\"https:\/\/www.mysunsetprojects.com\/index.php\/service\/residential-design\/\"><img width=\"1960\" height=\"1385\" src=\"https:\/\/www.mysunsetprojects.com\/wp-content\/uploads\/2015\/08\/imagen-3.jpg\" class=\"img-responsive wp-post-image\" alt=\"\" loading=\"lazy\" srcset=\"https:\/\/www.mysunsetprojects.com\/wp-content\/uploads\/2015\/08\/imagen-3.jpg 1960w, https:\/\/www.mysunsetprojects.com\/wp-content\/uploads\/2015\/08\/imagen-3-300x212.jpg 300w, https:\/\/www.mysunsetprojects.com\/wp-content\/uploads\/2015\/08\/imagen-3-1024x724.jpg 1024w, https:\/\/www.mysunsetprojects.com\/wp-content\/uploads\/2015\/08\/imagen-3-768x543.jpg 768w, https:\/\/www.mysunsetprojects.com\/wp-content\/uploads\/2015\/08\/imagen-3-1536x1085.jpg 1536w\" sizes=\"(max-width: 1960px) 100vw, 1960px\" title=\"imagen 3\" \/><\/a>\n\t\t\t\t\t\t\t\t\t\t<div class=\"spacer-single\"><\/div>\t\t\t\n\t\t\t\t<a href=\"https:\/\/www.mysunsetprojects.com\/index.php\/service\/residential-design\/\" class=\"btn-line btn-fullwidth\">Read More<\/a>\t\t\n\t\t\t\n\t\t\n\t<\/div>\n\n\t\n\t<div class=\"col-md-3 item\">\n\t\t\n\t\t\t\t\t\n\t\t\t<h3><a href=\"https:\/\/www.mysunsetprojects.com\/index.php\/service\/hospitaly-design\/\">Design &#038; Rehabilitation of Premises &#038; Offices<\/a><\/h3>\n\t\t\t<div class=\"service-excerpt\"><p>At MySunset  work with you to achieve the maximum potential for your home, all the while working within budget.<br \/>\nWe will work with you every step of the way ensuring you are kept informed throughout the whole process.<\/p>\n<\/div>\n\t\t\t\t\t\t\t<div class=\"spacer-single-10\"><\/div>\n\t\t        <a href=\"https:\/\/www.mysunsetprojects.com\/index.php\/service\/hospitaly-design\/\"><img width=\"700\" height=\"337\" src=\"https:\/\/www.mysunsetprojects.com\/wp-content\/uploads\/2015\/08\/pic_3.jpg\" class=\"img-responsive wp-post-image\" alt=\"\" loading=\"lazy\" srcset=\"https:\/\/www.mysunsetprojects.com\/wp-content\/uploads\/2015\/08\/pic_3.jpg 700w, https:\/\/www.mysunsetprojects.com\/wp-content\/uploads\/2015\/08\/pic_3-300x144.jpg 300w\" sizes=\"(max-width: 700px) 100vw, 700px\" title=\"pic_3\" \/><\/a>\n\t\t\t\t\t\t\t\t\t\t<div class=\"spacer-single\"><\/div>\t\t\t\n\t\t\t\t<a href=\"https:\/\/www.mysunsetprojects.com\/index.php\/service\/hospitaly-design\/\" class=\"btn-line btn-fullwidth\">Read More<\/a>\t\t\n\t\t\t\n\t\t\n\t<\/div>\n\n\t\n\t<div class=\"col-md-3 item\">\n\t\t\n\t\t\t\t\t\n\t\t\t<h3><a href=\"https:\/\/www.mysunsetprojects.com\/index.php\/service\/office-design\/\">Design &#038; Construction of Pools<\/a><\/h3>\n\t\t\t<div class=\"service-excerpt\"><p>At My Sunset deliver a unique and exclusive construction of all types of swimming pools. This includes basic designs to more complex pools including heated pools that you can enjoy both in summer and winter.<\/p>\n<\/div>\n\t\t\t\t\t\t\t<div class=\"spacer-single-10\"><\/div>\n\t\t        <a href=\"https:\/\/www.mysunsetprojects.com\/index.php\/service\/office-design\/\"><img width=\"700\" height=\"393\" src=\"https:\/\/www.mysunsetprojects.com\/wp-content\/uploads\/2015\/08\/architecture-1477099-1.jpg\" class=\"img-responsive wp-post-image\" alt=\"\" loading=\"lazy\" srcset=\"https:\/\/www.mysunsetprojects.com\/wp-content\/uploads\/2015\/08\/architecture-1477099-1.jpg 700w, https:\/\/www.mysunsetprojects.com\/wp-content\/uploads\/2015\/08\/architecture-1477099-1-300x168.jpg 300w\" sizes=\"(max-width: 700px) 100vw, 700px\" title=\"architecture-1477099\" \/><\/a>\n\t\t\t\t\t\t\t\t\t\t<div class=\"spacer-single\"><\/div>\t\t\t\n\t\t\t\t<a href=\"https:\/\/www.mysunsetprojects.com\/index.php\/service\/office-design\/\" class=\"btn-line btn-fullwidth\">Read More<\/a>\t\t\n\t\t\t\n\t\t\n\t<\/div>\n\n\t\n\t<div class=\"col-md-3 item\">\n\t\t\n\t\t\t\t\t\n\t\t\t<h3><a href=\"https:\/\/www.mysunsetprojects.com\/index.php\/service\/commercial-design\/\">Solar Energy<\/a><\/h3>\n\t\t\t<div class=\"service-excerpt\"><p>Our commitment to quality and services ensure our clients happy. With years of experiences and continuing research, our team is ready to serve your interior design needs. We&#8217;re happy to make you feel more comfortable on your home.<\/p>\n<\/div>\n\t\t\t\t\t\t\t<div class=\"spacer-single-10\"><\/div>\n\t\t        <a href=\"https:\/\/www.mysunsetprojects.com\/index.php\/service\/commercial-design\/\"><img width=\"400\" height=\"245\" src=\"https:\/\/www.mysunsetprojects.com\/wp-content\/uploads\/2015\/08\/solar-system-2939551-1.jpg\" class=\"img-responsive wp-post-image\" alt=\"\" loading=\"lazy\" srcset=\"https:\/\/www.mysunsetprojects.com\/wp-content\/uploads\/2015\/08\/solar-system-2939551-1.jpg 400w, https:\/\/www.mysunsetprojects.com\/wp-content\/uploads\/2015\/08\/solar-system-2939551-1-300x184.jpg 300w\" sizes=\"(max-width: 400px) 100vw, 400px\" title=\"solar-system-2939551\" \/><\/a>\n\t\t\t\t\t\t\t\t\t\t<div class=\"spacer-single\"><\/div>\t\t\t\n\t\t\t\t<a href=\"https:\/\/www.mysunsetprojects.com\/index.php\/service\/commercial-design\/\" class=\"btn-line btn-fullwidth\">Read More<\/a>\t\t\n\t\t\t\n\t\t\n\t<\/div>\n\n\t\t\n<\/div>\t\n\n[\/vc_column][\/vc_row][vc_row el_class=&#8221;call-to-action bg-color dark text-center&#8221; css=&#8221;.vc_custom_1453975666551{padding-top: 60px !important;padding-bottom: 60px !important;}&#8221;][vc_column]\t\t\t\n\t<!-- Element: OT Button --> \n\t\t\t<a href=\"index.php\/contact\/\" target=\"_self\" class=\"btn btn-line-black btn-big  \">Presupuesto<\/a>\n\t    \n[\/vc_column][\/vc_row]<\/p>\n","protected":false},"excerpt":{"rendered":"<p>[vc_row css=&#8221;.vc_custom_1453975735934{padding-top: 90px !important;padding-bottom: 30px !important;}&#8221;][vc_column][\/vc_column][\/vc_row][vc_row el_class=&#8221;call-to-action bg-color dark text-center&#8221; css=&#8221;.vc_custom_1453975666551{padding-top: 60px !important;padding-bottom: 60px !important;}&#8221;][vc_column][\/vc_column][\/vc_row]<\/p>\n","protected":false},"author":1,"featured_media":0,"parent":0,"menu_order":0,"comment_status":"closed","ping_status":"closed","template":"page-templates\/template-fullwidth.php","meta":[],"_links":{"self":[{"href":"https:\/\/www.mysunsetprojects.com\/index.php\/wp-json\/wp\/v2\/pages\/1854"}],"collection":[{"href":"https:\/\/www.mysunsetprojects.com\/index.php\/wp-json\/wp\/v2\/pages"}],"about":[{"href":"https:\/\/www.mysunsetprojects.com\/index.php\/wp-json\/wp\/v2\/types\/page"}],"author":[{"embeddable":true,"href":"https:\/\/www.mysunsetprojects.com\/index.php\/wp-json\/wp\/v2\/users\/1"}],"replies":[{"embeddable":true,"href":"https:\/\/www.mysunsetprojects.com\/index.php\/wp-json\/wp\/v2\/comments?post=1854"}],"version-history":[{"count":1,"href":"https:\/\/www.mysunsetprojects.com\/index.php\/wp-json\/wp\/v2\/pages\/1854\/revisions"}],"predecessor-version":[{"id":1855,"href":"https:\/\/www.mysunsetprojects.com\/index.php\/wp-json\/wp\/v2\/pages\/1854\/revisions\/1855"}],"wp:attachment":[{"href":"https:\/\/www.mysunsetprojects.com\/index.php\/wp-json\/wp\/v2\/media?parent=1854"}],"curies":[{"name":"wp","href":"https:\/\/api.w.org\/{rel}","templated":true}]}}